{"id":8,"date":"2018-09-02T19:05:04","date_gmt":"2018-09-02T19:05:04","guid":{"rendered":"https:\/\/baggenstos.li\/gero\/?page_id=8"},"modified":"2026-03-02T15:02:34","modified_gmt":"2026-03-02T15:02:34","slug":"startseite","status":"publish","type":"page","link":"https:\/\/baggenstos.li\/gero\/","title":{"rendered":"Bergsteigergruppe GERO"},"content":{"rendered":"\n<p class=\"wp-block-paragraph\">Foto: Bote der Urschweiz \/ Silvia Camenzind<\/p>\n\n\n<section id=\"text-5\" class=\"widget widget_text\">\n<div class=\"textwidget\">Bergsteiger sind, wie jeder weiss, jene Menschen, die sich damit besch\u00e4ftigen, auf hohe Berge zu steigen. Dies aus sehr verschiedenen Gr\u00fcnden. Neben Wildh\u00fcter,Hochwildj\u00e4ger, Grenzw\u00e4chter usw.\u00a0 sind da noch jene, die aus Liebe und Freude und zum Vergn\u00fcgen auf die Berge steigen. Und um solche handelte es sich, welche sich am 12. M\u00e4rz 1995 zur Gr\u00fcndungs-GV \u201eBergsteigergruppe GERO\u201c im Restaurant Krone in Gersau trafen. Aber keine Angst, mit der Gr\u00fcndung dieser Gruppe war kein neuer Verein im Entstehen begriffen, da keine Statuten und Protokolle gef\u00fchrt werden, denn s\u00e4mtliche Geroaner\/innen sind bereits Mitglied eines SAC<br \/>( Mythen oder L\u00e4gern).<br \/>Begonnen hatte alles im Jubeljahr 1991, als 5 begeisterte Gersauer\/innen den Uri-Rotstock bestiegen, fast 2500 Meter \u00fcber dem ber\u00fchmten \u201eWeg der Schweiz\u201c.\u00a0 Heute werden jedes Jahr \u00fcber 30 Touren organisiert.<\/div>\n<\/section>\n\n\n<p class=\"wp-block-paragraph\"><a href=\"https:\/\/baggenstos.li\/gero\/wp-content\/uploads\/2026\/03\/2026_Tourenprogramm.pdf\">Tourenprogramm 2026<\/a><\/p>\n\n\n\n<p class=\"wp-block-paragraph\"><\/p>\n","protected":false},"excerpt":{"rendered":"<p>Foto: Bote der Urschweiz \/ Silvia Camenzind Bergsteiger sind, wie jeder weiss, jene Menschen, die sich damit besch\u00e4ftigen, auf hohe Berge zu steigen. Dies aus sehr verschiedenen Gr\u00fcnden. Neben Wildh\u00fcter,Hochwildj\u00e4ger, Grenzw\u00e4chter usw.\u00a0 sind da noch jene, die aus Liebe und Freude und zum Vergn\u00fcgen auf die Berge steigen. Und um solche handelte es sich, welche &hellip; <a href=\"https:\/\/baggenstos.li\/gero\/\" class=\"more-link\"><span class=\"screen-reader-text\">\u201eBergsteigergruppe GERO\u201c <\/span>weiterlesen<\/a><\/p>\n","protected":false},"author":1,"featured_media":240,"parent":0,"menu_order":0,"comment_status":"closed","ping_status":"closed","template":"","meta":{"footnotes":""},"class_list":["post-8","page","type-page","status-publish","has-post-thumbnail","hentry"],"jetpack_sharing_enabled":true,"jetpack_shortlink":"https:\/\/wp.me\/PaeCe3-8","jetpack-related-posts":[],"_links":{"self":[{"href":"https:\/\/baggenstos.li\/gero\/index.php?rest_route=\/wp\/v2\/pages\/8","targetHints":{"allow":["GET"]}}],"collection":[{"href":"https:\/\/baggenstos.li\/gero\/index.php?rest_route=\/wp\/v2\/pages"}],"about":[{"href":"https:\/\/baggenstos.li\/gero\/index.php?rest_route=\/wp\/v2\/types\/page"}],"author":[{"embeddable":true,"href":"https:\/\/baggenstos.li\/gero\/index.php?rest_route=\/wp\/v2\/users\/1"}],"replies":[{"embeddable":true,"href":"https:\/\/baggenstos.li\/gero\/index.php?rest_route=%2Fwp%2Fv2%2Fcomments&post=8"}],"version-history":[{"count":19,"href":"https:\/\/baggenstos.li\/gero\/index.php?rest_route=\/wp\/v2\/pages\/8\/revisions"}],"predecessor-version":[{"id":441,"href":"https:\/\/baggenstos.li\/gero\/index.php?rest_route=\/wp\/v2\/pages\/8\/revisions\/441"}],"wp:featuredmedia":[{"embeddable":true,"href":"https:\/\/baggenstos.li\/gero\/index.php?rest_route=\/wp\/v2\/media\/240"}],"wp:attachment":[{"href":"https:\/\/baggenstos.li\/gero\/index.php?rest_route=%2Fwp%2Fv2%2Fmedia&parent=8"}],"curies":[{"name":"wp","href":"https:\/\/api.w.org\/{rel}","templated":true}]}}

<p class="wp-block-paragraph">Foto: Bote der Urschweiz / Silvia Camenzind</p>


<section id="text-5" class="widget widget_text">
<div class="textwidget">Bergsteiger sind, wie jeder weiss, jene Menschen, die sich damit beschäftigen, auf hohe Berge zu steigen. Dies aus sehr verschiedenen Gründen. Neben Wildhüter,Hochwildjäger, Grenzwächter usw.  sind da noch jene, die aus Liebe und Freude und zum Vergnügen auf die Berge steigen. Und um solche handelte es sich, welche sich am 12. März 1995 zur Gründungs-GV „Bergsteigergruppe GERO“ im Restaurant Krone in Gersau trafen. Aber keine Angst, mit der Gründung dieser Gruppe war kein neuer Verein im Entstehen begriffen, da keine Statuten und Protokolle geführt werden, denn sämtliche Geroaner/innen sind bereits Mitglied eines SAC<br />( Mythen oder Lägern).<br />Begonnen hatte alles im Jubeljahr 1991, als 5 begeisterte Gersauer/innen den Uri-Rotstock bestiegen, fast 2500 Meter über dem berühmten „Weg der Schweiz“.  Heute werden jedes Jahr über 30 Touren organisiert.</div>
</section>


<p class="wp-block-paragraph"><a href="https://baggenstos.li/gero/wp-content/uploads/2026/03/2026_Tourenprogramm.pdf">Tourenprogramm 2026</a></p>



<p class="wp-block-paragraph"></p>

<p>Foto: Bote der Urschweiz / Silvia Camenzind Bergsteiger sind, wie jeder weiss, jene Menschen, die sich damit beschäftigen, auf hohe Berge zu steigen. Dies aus sehr verschiedenen Gründen. Neben Wildhüter,Hochwildjäger, Grenzwächter usw.  sind da noch jene, die aus Liebe und Freude und zum Vergnügen auf die Berge steigen. Und um solche handelte es sich, welche &hellip; <a href="https://baggenstos.li/gero/" class="more-link"><span class="screen-reader-text">„Bergsteigergruppe GERO“ </span>weiterlesen</a></p>
