{"id":21,"date":"2018-08-11T09:24:56","date_gmt":"2018-08-11T09:24:56","guid":{"rendered":"http:\/\/baggenstos.li\/db_baggenstos\/?page_id=21"},"modified":"2025-05-06T11:47:52","modified_gmt":"2025-05-06T11:47:52","slug":"home","status":"publish","type":"page","link":"https:\/\/baggenstos.li\/db_baggenstos\/","title":{"rendered":"Home"},"content":{"rendered":"<h3>\u00dcber mich:<\/h3>\n<p>Aufgewachsen bin ich &#8211; geboren 1945 &#8211; in der Fidmen, dem \u00e4ltesten Geb\u00e4ude in Gersau (Datiert von 1525)<\/p>\n<p><img data-recalc-dims=\"1\" loading=\"lazy\" decoding=\"async\" data-attachment-id=\"37\" data-permalink=\"https:\/\/baggenstos.li\/db_baggenstos\/?attachment_id=37\" data-orig-file=\"https:\/\/i0.wp.com\/baggenstos.li\/db_baggenstos\/wp-content\/uploads\/2018\/08\/fidmen-k-512.jpg?fit=518%2C512&amp;ssl=1\" data-orig-size=\"518,512\" data-comments-opened=\"1\" data-image-meta=\"{&quot;aperture&quot;:&quot;0&quot;,&quot;credit&quot;:&quot;&quot;,&quot;camera&quot;:&quot;&quot;,&quot;caption&quot;:&quot;&quot;,&quot;created_timestamp&quot;:&quot;0&quot;,&quot;copyright&quot;:&quot;&quot;,&quot;focal_length&quot;:&quot;0&quot;,&quot;iso&quot;:&quot;0&quot;,&quot;shutter_speed&quot;:&quot;0&quot;,&quot;title&quot;:&quot;&quot;,&quot;orientation&quot;:&quot;0&quot;}\" data-image-title=\"fidmen-k-512\" data-image-description=\"\" data-image-caption=\"\" data-large-file=\"https:\/\/i0.wp.com\/baggenstos.li\/db_baggenstos\/wp-content\/uploads\/2018\/08\/fidmen-k-512.jpg?fit=518%2C512&amp;ssl=1\" class=\"size-medium wp-image-37 aligncenter\" src=\"https:\/\/i0.wp.com\/baggenstos.li\/db_baggenstos\/wp-content\/uploads\/2018\/08\/fidmen-k-512-300x297.jpg?resize=300%2C297\" alt=\"\" width=\"300\" height=\"297\" srcset=\"https:\/\/i0.wp.com\/baggenstos.li\/db_baggenstos\/wp-content\/uploads\/2018\/08\/fidmen-k-512.jpg?resize=300%2C297&amp;ssl=1 300w, https:\/\/i0.wp.com\/baggenstos.li\/db_baggenstos\/wp-content\/uploads\/2018\/08\/fidmen-k-512.jpg?resize=150%2C150&amp;ssl=1 150w, https:\/\/i0.wp.com\/baggenstos.li\/db_baggenstos\/wp-content\/uploads\/2018\/08\/fidmen-k-512.jpg?resize=100%2C100&amp;ssl=1 100w, https:\/\/i0.wp.com\/baggenstos.li\/db_baggenstos\/wp-content\/uploads\/2018\/08\/fidmen-k-512.jpg?w=518&amp;ssl=1 518w\" sizes=\"auto, (max-width: 300px) 100vw, 300px\" \/><\/p>\n<p>Aus beruflichen Gr\u00fcnden habe ich in den Aargau gewechselt (W\u00fcrenlingen) und f\u00fchle mich an beiden Orten wohl.<\/p>\n<p>Auf den folgenden Seiten gibt es kurze Informationen zu:<\/p>\n<ul>\n<li>Der Geschichte von Gersau (mit freundlicher Genehmigung von Albert M\u00fcller Zug)<\/li>\n<li>Die Wappenscheiben im Rathaus Gersau, aus dem Buch von Hans Schilter, &#8222;<em>Die Geschlechterscheiben von Gersau&#8220; <\/em>Mit freundlicher Genehmigung vom Bezirksrat Gersau<\/li>\n<li>Meinem Vater, er war Gardehauptmann der Schweizergarde in Rom<\/li>\n<\/ul>\n<p>Martin Baggenstos<\/p>\n<p>Links:<\/p>\n<ul>\n<li><a href=\"https:\/\/baggenstos.li\/gero\">Bergsteigergruppe GERO<\/a>, Gersau<\/li>\n<li><a href=\"http:\/\/senioren-wuerenlingen.ch\">Seniorenrat<\/a>, W\u00fcrenlingen<\/li>\n<li><a href=\"http:\/\/turnsport-wuerenlingen.ch\">Turnsport W\u00fcrenlingen<\/a>, W\u00fcrenlingen<\/li>\n<li><a href=\"http:\/\/neuwelfen.ch\">Neuwelfen<\/a>, Z\u00fcrich<\/li>\n<\/ul>\n","protected":false},"excerpt":{"rendered":"<p>\u00dcber mich: Aufgewachsen bin ich &#8211; geboren 1945 &#8211; in der Fidmen, dem \u00e4ltesten Geb\u00e4ude in Gersau (Datiert von 1525) Aus beruflichen Gr\u00fcnden habe ich in den Aargau gewechselt (W\u00fcrenlingen) und f\u00fchle mich an beiden Orten wohl. Auf den folgenden Seiten gibt es kurze Informationen zu: Der Geschichte von Gersau (mit freundlicher Genehmigung von Albert &hellip; <\/p>\n<p class=\"link-more\"><a href=\"https:\/\/baggenstos.li\/db_baggenstos\/\" class=\"more-link\"><span class=\"screen-reader-text\">\u201eHome\u201c<\/span> weiterlesen<\/a><\/p>\n","protected":false},"author":1,"featured_media":0,"parent":0,"menu_order":0,"comment_status":"closed","ping_status":"closed","template":"","meta":{"footnotes":"","_links_to":"","_links_to_target":""},"class_list":["post-21","page","type-page","status-publish","hentry"],"jetpack_sharing_enabled":true,"jetpack_shortlink":"https:\/\/wp.me\/PaafLP-l","jetpack-related-posts":[{"id":454,"url":"https:\/\/baggenstos.li\/db_baggenstos\/?page_id=454","url_meta":{"origin":21,"position":0},"title":"Ferienwohnung","author":"admin","date":"August 31, 2019","format":false,"excerpt":"Willkommen in unserer Ferienwohnung in Trin Mulin Die Wohnung hat 3 1\/2 Zimmer mit TV und Internetanschluss. Standort Fotso von der Wohnung Einige Impressionen aus Trin Mulin und Umgebung Flims Crestasee Surselva im Herbst Bei Andiast San Gieri Uaul Grond Crestasee Crestasee KontaktAnnalis und Martin056 281 28 79 baggenstos@sunrise.ch","rel":"","context":"\u00c4hnlicher Beitrag","block_context":{"text":"\u00c4hnlicher Beitrag","link":""},"img":{"alt_text":"","src":"https:\/\/i0.wp.com\/baggenstos.li\/db_baggenstos\/wp-content\/uploads\/2020\/10\/IMG_8396-scaled.jpg?resize=350%2C200","width":350,"height":200,"srcset":"https:\/\/i0.wp.com\/baggenstos.li\/db_baggenstos\/wp-content\/uploads\/2020\/10\/IMG_8396-scaled.jpg?resize=350%2C200 1x, https:\/\/i0.wp.com\/baggenstos.li\/db_baggenstos\/wp-content\/uploads\/2020\/10\/IMG_8396-scaled.jpg?resize=525%2C300 1.5x, https:\/\/i0.wp.com\/baggenstos.li\/db_baggenstos\/wp-content\/uploads\/2020\/10\/IMG_8396-scaled.jpg?resize=700%2C400 2x, https:\/\/i0.wp.com\/baggenstos.li\/db_baggenstos\/wp-content\/uploads\/2020\/10\/IMG_8396-scaled.jpg?resize=1050%2C600 3x, https:\/\/i0.wp.com\/baggenstos.li\/db_baggenstos\/wp-content\/uploads\/2020\/10\/IMG_8396-scaled.jpg?resize=1400%2C800 4x"},"classes":[]},{"id":11,"url":"https:\/\/baggenstos.li\/db_baggenstos\/?page_id=11","url_meta":{"origin":21,"position":1},"title":"Geschichte von Gersau","author":"admin","date":"August 10, 2018","format":false,"excerpt":"I. Kurzer Abriss der \u00e4ltesten Geschichte von Gersau Die erste urkundliche Erw\u00e4hnung von Gersau d\u00fcrfte im Stifterbuch des Klosters Muri zu finden sein. Gersouwe per totum - Gersau in seinem ganzen Gebietsumfang - erscheint dort als Besitz des neugestifteten Klosters Muri (1027) erst bei der Einweihung seiner Klosterkirche im Jahre\u2026","rel":"","context":"\u00c4hnlicher Beitrag","block_context":{"text":"\u00c4hnlicher Beitrag","link":""},"img":{"alt_text":"","src":"https:\/\/i0.wp.com\/baggenstos.li\/db_baggenstos\/wp-content\/uploads\/2018\/08\/image002-4.jpg?resize=350%2C200","width":350,"height":200},"classes":[]},{"id":18,"url":"https:\/\/baggenstos.li\/db_baggenstos\/?page_id=18","url_meta":{"origin":21,"position":2},"title":"Mein Vater","author":"admin","date":"August 11, 2018","format":false,"excerpt":"Fotos vom meinem VaterEr war von 1907 bis 1930 in der Schweizergarde in Rom zuletzt als Gardehauptmann","rel":"","context":"\u00c4hnlicher Beitrag","block_context":{"text":"\u00c4hnlicher Beitrag","link":""},"img":{"alt_text":"","src":"https:\/\/i0.wp.com\/baggenstos.li\/db_baggenstos\/wp-content\/uploads\/2018\/08\/vater-9-3.jpg?fit=400%2C648&ssl=1&resize=350%2C200","width":350,"height":200},"classes":[]}],"_links":{"self":[{"href":"https:\/\/baggenstos.li\/db_baggenstos\/index.php?rest_route=\/wp\/v2\/pages\/21","targetHints":{"allow":["GET"]}}],"collection":[{"href":"https:\/\/baggenstos.li\/db_baggenstos\/index.php?rest_route=\/wp\/v2\/pages"}],"about":[{"href":"https:\/\/baggenstos.li\/db_baggenstos\/index.php?rest_route=\/wp\/v2\/types\/page"}],"author":[{"embeddable":true,"href":"https:\/\/baggenstos.li\/db_baggenstos\/index.php?rest_route=\/wp\/v2\/users\/1"}],"replies":[{"embeddable":true,"href":"https:\/\/baggenstos.li\/db_baggenstos\/index.php?rest_route=%2Fwp%2Fv2%2Fcomments&post=21"}],"version-history":[{"count":17,"href":"https:\/\/baggenstos.li\/db_baggenstos\/index.php?rest_route=\/wp\/v2\/pages\/21\/revisions"}],"predecessor-version":[{"id":1548,"href":"https:\/\/baggenstos.li\/db_baggenstos\/index.php?rest_route=\/wp\/v2\/pages\/21\/revisions\/1548"}],"wp:attachment":[{"href":"https:\/\/baggenstos.li\/db_baggenstos\/index.php?rest_route=%2Fwp%2Fv2%2Fmedia&parent=21"}],"curies":[{"name":"wp","href":"https:\/\/api.w.org\/{rel}","templated":true}]}}

<h3>Über mich:</h3>
<p>Aufgewachsen bin ich &#8211; geboren 1945 &#8211; in der Fidmen, dem ältesten Gebäude in Gersau (Datiert von 1525)</p>
<p><img data-recalc-dims="1" loading="lazy" decoding="async" data-attachment-id="37" data-permalink="https://baggenstos.li/db_baggenstos/?attachment_id=37" data-orig-file="https://i0.wp.com/baggenstos.li/db_baggenstos/wp-content/uploads/2018/08/fidmen-k-512.jpg?fit=518%2C512&amp;ssl=1" data-orig-size="518,512" data-comments-opened="1" data-image-meta="{&quot;aperture&quot;:&quot;0&quot;,&quot;credit&quot;:&quot;&quot;,&quot;camera&quot;:&quot;&quot;,&quot;caption&quot;:&quot;&quot;,&quot;created_timestamp&quot;:&quot;0&quot;,&quot;copyright&quot;:&quot;&quot;,&quot;focal_length&quot;:&quot;0&quot;,&quot;iso&quot;:&quot;0&quot;,&quot;shutter_speed&quot;:&quot;0&quot;,&quot;title&quot;:&quot;&quot;,&quot;orientation&quot;:&quot;0&quot;}" data-image-title="fidmen-k-512" data-image-description="" data-image-caption="" data-large-file="https://i0.wp.com/baggenstos.li/db_baggenstos/wp-content/uploads/2018/08/fidmen-k-512.jpg?fit=518%2C512&amp;ssl=1" class="size-medium wp-image-37 aligncenter" src="https://i0.wp.com/baggenstos.li/db_baggenstos/wp-content/uploads/2018/08/fidmen-k-512-300x297.jpg?resize=300%2C297" alt="" width="300" height="297" srcset="https://i0.wp.com/baggenstos.li/db_baggenstos/wp-content/uploads/2018/08/fidmen-k-512.jpg?resize=300%2C297&amp;ssl=1 300w, https://i0.wp.com/baggenstos.li/db_baggenstos/wp-content/uploads/2018/08/fidmen-k-512.jpg?resize=150%2C150&amp;ssl=1 150w, https://i0.wp.com/baggenstos.li/db_baggenstos/wp-content/uploads/2018/08/fidmen-k-512.jpg?resize=100%2C100&amp;ssl=1 100w, https://i0.wp.com/baggenstos.li/db_baggenstos/wp-content/uploads/2018/08/fidmen-k-512.jpg?w=518&amp;ssl=1 518w" sizes="auto, (max-width: 300px) 100vw, 300px" /></p>
<p>Aus beruflichen Gründen habe ich in den Aargau gewechselt (Würenlingen) und fühle mich an beiden Orten wohl.</p>
<p>Auf den folgenden Seiten gibt es kurze Informationen zu:</p>
<ul>
<li>Der Geschichte von Gersau (mit freundlicher Genehmigung von Albert Müller Zug)</li>
<li>Die Wappenscheiben im Rathaus Gersau, aus dem Buch von Hans Schilter, &#8222;<em>Die Geschlechterscheiben von Gersau&#8220; </em>Mit freundlicher Genehmigung vom Bezirksrat Gersau</li>
<li>Meinem Vater, er war Gardehauptmann der Schweizergarde in Rom</li>
</ul>
<p>Martin Baggenstos</p>
<p>Links:</p>
<ul>
<li><a href="https://baggenstos.li/gero">Bergsteigergruppe GERO</a>, Gersau</li>
<li><a href="http://senioren-wuerenlingen.ch">Seniorenrat</a>, Würenlingen</li>
<li><a href="http://turnsport-wuerenlingen.ch">Turnsport Würenlingen</a>, Würenlingen</li>
<li><a href="http://neuwelfen.ch">Neuwelfen</a>, Zürich</li>
</ul>

<p>Über mich: Aufgewachsen bin ich &#8211; geboren 1945 &#8211; in der Fidmen, dem ältesten Gebäude in Gersau (Datiert von 1525) Aus beruflichen Gründen habe ich in den Aargau gewechselt (Würenlingen) und fühle mich an beiden Orten wohl. Auf den folgenden Seiten gibt es kurze Informationen zu: Der Geschichte von Gersau (mit freundlicher Genehmigung von Albert &hellip; </p>
<p class="link-more"><a href="https://baggenstos.li/db_baggenstos/" class="more-link"><span class="screen-reader-text">„Home“</span> weiterlesen</a></p>

Ähnlicher Beitrag

I. Kurzer Abriss der ältesten Geschichte von Gersau Die erste urkundliche Erwähnung von Gersau dürfte im Stifterbuch des Klosters Muri zu finden sein. Gersouwe per totum - Gersau in seinem ganzen Gebietsumfang - erscheint dort als Besitz des neugestifteten Klosters Muri (1027) erst bei der Einweihung seiner Klosterkirche im Jahre…
