{"id":1967,"date":"2026-06-10T12:31:38","date_gmt":"2026-06-10T12:31:38","guid":{"rendered":"https:\/\/baggenstos.li\/db_baggenstos\/?page_id=1967"},"modified":"2026-06-11T13:34:30","modified_gmt":"2026-06-11T13:34:30","slug":"umbrien","status":"publish","type":"page","link":"https:\/\/baggenstos.li\/db_baggenstos\/?page_id=1967","title":{"rendered":"Umbrien"},"content":{"rendered":"","protected":true},"excerpt":{"rendered":"","protected":true},"author":1,"featured_media":0,"parent":0,"menu_order":0,"comment_status":"closed","ping_status":"closed","template":"","meta":{"footnotes":"","_links_to":"","_links_to_target":""},"class_list":["post-1967","page","type-page","status-publish","post-password-required","hentry"],"jetpack_sharing_enabled":true,"jetpack_shortlink":"https:\/\/wp.me\/PaafLP-vJ","jetpack-related-posts":[{"id":454,"url":"https:\/\/baggenstos.li\/db_baggenstos\/?page_id=454","url_meta":{"origin":1967,"position":0},"title":"Ferienwohnung","author":"admin","date":"August 31, 2019","format":false,"excerpt":"Willkommen in unserer Ferienwohnung in Trin Mulin Die Wohnung hat 3 1\/2 Zimmer mit TV und Internetanschluss. Standort Fotso von der Wohnung Einige Impressionen aus Trin Mulin und Umgebung Flims Crestasee Surselva im Herbst Bei Andiast San Gieri Uaul Grond Crestasee Crestasee KontaktAnnalis und Martin056 281 28 79 baggenstos@sunrise.ch","rel":"","context":"\u00c4hnlicher Beitrag","block_context":{"text":"\u00c4hnlicher Beitrag","link":""},"img":{"alt_text":"","src":"https:\/\/i0.wp.com\/baggenstos.li\/db_baggenstos\/wp-content\/uploads\/2020\/10\/IMG_8396-scaled.jpg?resize=350%2C200","width":350,"height":200,"srcset":"https:\/\/i0.wp.com\/baggenstos.li\/db_baggenstos\/wp-content\/uploads\/2020\/10\/IMG_8396-scaled.jpg?resize=350%2C200 1x, https:\/\/i0.wp.com\/baggenstos.li\/db_baggenstos\/wp-content\/uploads\/2020\/10\/IMG_8396-scaled.jpg?resize=525%2C300 1.5x, https:\/\/i0.wp.com\/baggenstos.li\/db_baggenstos\/wp-content\/uploads\/2020\/10\/IMG_8396-scaled.jpg?resize=700%2C400 2x, https:\/\/i0.wp.com\/baggenstos.li\/db_baggenstos\/wp-content\/uploads\/2020\/10\/IMG_8396-scaled.jpg?resize=1050%2C600 3x, https:\/\/i0.wp.com\/baggenstos.li\/db_baggenstos\/wp-content\/uploads\/2020\/10\/IMG_8396-scaled.jpg?resize=1400%2C800 4x"},"classes":[]},{"id":11,"url":"https:\/\/baggenstos.li\/db_baggenstos\/?page_id=11","url_meta":{"origin":1967,"position":1},"title":"Geschichte von Gersau","author":"admin","date":"August 10, 2018","format":false,"excerpt":"I. Kurzer Abriss der \u00e4ltesten Geschichte von Gersau Die erste urkundliche Erw\u00e4hnung von Gersau d\u00fcrfte im Stifterbuch des Klosters Muri zu finden sein. Gersouwe per totum - Gersau in seinem ganzen Gebietsumfang - erscheint dort als Besitz des neugestifteten Klosters Muri (1027) erst bei der Einweihung seiner Klosterkirche im Jahre\u2026","rel":"","context":"\u00c4hnlicher Beitrag","block_context":{"text":"\u00c4hnlicher Beitrag","link":""},"img":{"alt_text":"","src":"https:\/\/i0.wp.com\/baggenstos.li\/db_baggenstos\/wp-content\/uploads\/2018\/08\/image002-4.jpg?resize=350%2C200","width":350,"height":200},"classes":[]},{"id":21,"url":"https:\/\/baggenstos.li\/db_baggenstos\/","url_meta":{"origin":1967,"position":2},"title":"Home","author":"admin","date":"August 11, 2018","format":false,"excerpt":"\u00dcber mich: Aufgewachsen bin ich - geboren 1945 - in der Fidmen, dem \u00e4ltesten Geb\u00e4ude in Gersau (Datiert von 1525) Aus beruflichen Gr\u00fcnden habe ich in den Aargau gewechselt (W\u00fcrenlingen) und f\u00fchle mich an beiden Orten wohl. Auf den folgenden Seiten gibt es kurze Informationen zu: Der Geschichte von Gersau\u2026","rel":"","context":"\u00c4hnlicher Beitrag","block_context":{"text":"\u00c4hnlicher Beitrag","link":""},"img":{"alt_text":"","src":"https:\/\/i0.wp.com\/baggenstos.li\/db_baggenstos\/wp-content\/uploads\/2018\/08\/fidmen-k-512-300x297.jpg?resize=350%2C200","width":350,"height":200},"classes":[]},{"id":18,"url":"https:\/\/baggenstos.li\/db_baggenstos\/?page_id=18","url_meta":{"origin":1967,"position":3},"title":"Mein Vater","author":"admin","date":"August 11, 2018","format":false,"excerpt":"Fotos vom meinem VaterEr war von 1907 bis 1930 in der Schweizergarde in Rom zuletzt als Gardehauptmann","rel":"","context":"\u00c4hnlicher Beitrag","block_context":{"text":"\u00c4hnlicher Beitrag","link":""},"img":{"alt_text":"","src":"https:\/\/i0.wp.com\/baggenstos.li\/db_baggenstos\/wp-content\/uploads\/2018\/08\/vater-9-3.jpg?fit=400%2C648&ssl=1&resize=350%2C200","width":350,"height":200},"classes":[]}],"_links":{"self":[{"href":"https:\/\/baggenstos.li\/db_baggenstos\/index.php?rest_route=\/wp\/v2\/pages\/1967","targetHints":{"allow":["GET"]}}],"collection":[{"href":"https:\/\/baggenstos.li\/db_baggenstos\/index.php?rest_route=\/wp\/v2\/pages"}],"about":[{"href":"https:\/\/baggenstos.li\/db_baggenstos\/index.php?rest_route=\/wp\/v2\/types\/page"}],"author":[{"embeddable":true,"href":"https:\/\/baggenstos.li\/db_baggenstos\/index.php?rest_route=\/wp\/v2\/users\/1"}],"replies":[{"embeddable":true,"href":"https:\/\/baggenstos.li\/db_baggenstos\/index.php?rest_route=%2Fwp%2Fv2%2Fcomments&post=1967"}],"version-history":[{"count":20,"href":"https:\/\/baggenstos.li\/db_baggenstos\/index.php?rest_route=\/wp\/v2\/pages\/1967\/revisions"}],"predecessor-version":[{"id":2062,"href":"https:\/\/baggenstos.li\/db_baggenstos\/index.php?rest_route=\/wp\/v2\/pages\/1967\/revisions\/2062"}],"wp:attachment":[{"href":"https:\/\/baggenstos.li\/db_baggenstos\/index.php?rest_route=%2Fwp%2Fv2%2Fmedia&parent=1967"}],"curies":[{"name":"wp","href":"https:\/\/api.w.org\/{rel}","templated":true}]}}

Ähnlicher Beitrag

I. Kurzer Abriss der ältesten Geschichte von Gersau Die erste urkundliche Erwähnung von Gersau dürfte im Stifterbuch des Klosters Muri zu finden sein. Gersouwe per totum - Gersau in seinem ganzen Gebietsumfang - erscheint dort als Besitz des neugestifteten Klosters Muri (1027) erst bei der Einweihung seiner Klosterkirche im Jahre…

Über mich: Aufgewachsen bin ich - geboren 1945 - in der Fidmen, dem ältesten Gebäude in Gersau (Datiert von 1525) Aus beruflichen Gründen habe ich in den Aargau gewechselt (Würenlingen) und fühle mich an beiden Orten wohl. Auf den folgenden Seiten gibt es kurze Informationen zu: Der Geschichte von Gersau…
