{"id":11,"date":"2018-08-10T19:47:01","date_gmt":"2018-08-10T19:47:01","guid":{"rendered":"http:\/\/baggenstos.li\/db_baggenstos\/?page_id=11"},"modified":"2019-02-26T14:03:59","modified_gmt":"2019-02-26T14:03:59","slug":"geschichte-von-gersau","status":"publish","type":"page","link":"https:\/\/baggenstos.li\/db_baggenstos\/?page_id=11","title":{"rendered":"Geschichte von Gersau"},"content":{"rendered":"<p><strong>I. Kurzer Abriss der \u00e4ltesten Geschichte von Gersau<\/strong><br \/>\nDie erste urkundliche Erw\u00e4hnung von Gersau d\u00fcrfte im Stifterbuch des Klosters Muri zu finden sein. Gersouwe per totum &#8211; Gersau in seinem ganzen Gebietsumfang &#8211; erscheint dort als Besitz des neugestifteten Klosters Muri (1027) erst bei der Einweihung seiner Klosterkirche im Jahre 1064 eingetragen. Die Grundherrschaft und Vogtei \u00fcber Gersau fiel bald an das Haus Habsburg und damit begann das wechselvolle Los der Verpf\u00e4ndung. Die entscheidende Tat der freien Grundbesitzer von Gersau bestand im Loskauf von der Vogtei am 3. Juni 1390. <img data-recalc-dims=\"1\" loading=\"lazy\" decoding=\"async\" data-attachment-id=\"280\" data-permalink=\"https:\/\/baggenstos.li\/db_baggenstos\/?attachment_id=280\" data-orig-file=\"https:\/\/i0.wp.com\/baggenstos.li\/db_baggenstos\/wp-content\/uploads\/2018\/08\/image002-4.jpg?fit=296%2C231&amp;ssl=1\" data-orig-size=\"296,231\" data-comments-opened=\"1\" data-image-meta=\"{&quot;aperture&quot;:&quot;0&quot;,&quot;credit&quot;:&quot;&quot;,&quot;camera&quot;:&quot;&quot;,&quot;caption&quot;:&quot;&quot;,&quot;created_timestamp&quot;:&quot;0&quot;,&quot;copyright&quot;:&quot;&quot;,&quot;focal_length&quot;:&quot;0&quot;,&quot;iso&quot;:&quot;0&quot;,&quot;shutter_speed&quot;:&quot;0&quot;,&quot;title&quot;:&quot;&quot;,&quot;orientation&quot;:&quot;0&quot;}\" data-image-title=\"image002\" data-image-description=\"\" data-image-caption=\"\" data-large-file=\"https:\/\/i0.wp.com\/baggenstos.li\/db_baggenstos\/wp-content\/uploads\/2018\/08\/image002-4.jpg?fit=296%2C231&amp;ssl=1\" class=\"size-full wp-image-280 alignright\" src=\"https:\/\/i0.wp.com\/baggenstos.li\/db_baggenstos\/wp-content\/uploads\/2018\/08\/image002-4.jpg?resize=296%2C231\" alt=\"\" width=\"296\" height=\"231\">Damit h\u00f6rte die fremde Grundherrschaft auf, und die Rechte der Vogtei, Steuern und Gerichtsbarkeit, fielen an die Hofleute von Gersau.&nbsp;<em> weiterlesen &gt;<a href=\"http:\/\/baggenstos.li\/db_baggenstos\/wp-content\/uploads\/2018\/08\/gersau-republik-bezirk.pdf\">gersau-republik-bezirk<\/a><\/em><\/p>\n<p><strong>Verfasser: Albert M\u00fcller-Schmid Zug\/Gersau<\/strong><\/p>\n<p>&nbsp;<\/p>\n<p>&nbsp;<\/p>\n","protected":false},"excerpt":{"rendered":"<p>I. Kurzer Abriss der \u00e4ltesten Geschichte von Gersau Die erste urkundliche Erw\u00e4hnung von Gersau d\u00fcrfte im Stifterbuch des Klosters Muri zu finden sein. Gersouwe per totum &#8211; Gersau in seinem ganzen Gebietsumfang &#8211; erscheint dort als Besitz des neugestifteten Klosters Muri (1027) erst bei der Einweihung seiner Klosterkirche im Jahre 1064 eingetragen. Die Grundherrschaft und &hellip; <\/p>\n<p class=\"link-more\"><a href=\"https:\/\/baggenstos.li\/db_baggenstos\/?page_id=11\" class=\"more-link\"><span class=\"screen-reader-text\">\u201eGeschichte von Gersau\u201c<\/span> weiterlesen<\/a><\/p>\n","protected":false},"author":1,"featured_media":168,"parent":0,"menu_order":0,"comment_status":"closed","ping_status":"closed","template":"","meta":{"footnotes":"","_links_to":"","_links_to_target":""},"class_list":["post-11","page","type-page","status-publish","has-post-thumbnail","hentry"],"jetpack_sharing_enabled":true,"jetpack_shortlink":"https:\/\/wp.me\/PaafLP-b","jetpack-related-posts":[{"id":21,"url":"https:\/\/baggenstos.li\/db_baggenstos\/","url_meta":{"origin":11,"position":0},"title":"Home","author":"admin","date":"August 11, 2018","format":false,"excerpt":"\u00dcber mich: Aufgewachsen bin ich - geboren 1945 - in der Fidmen, dem \u00e4ltesten Geb\u00e4ude in Gersau (Datiert von 1525) Aus beruflichen Gr\u00fcnden habe ich in den Aargau gewechselt (W\u00fcrenlingen) und f\u00fchle mich an beiden Orten wohl. Auf den folgenden Seiten gibt es kurze Informationen zu: Der Geschichte von Gersau\u2026","rel":"","context":"\u00c4hnlicher Beitrag","block_context":{"text":"\u00c4hnlicher Beitrag","link":""},"img":{"alt_text":"","src":"https:\/\/i0.wp.com\/baggenstos.li\/db_baggenstos\/wp-content\/uploads\/2018\/08\/fidmen-k-512-300x297.jpg?resize=350%2C200","width":350,"height":200},"classes":[]},{"id":454,"url":"https:\/\/baggenstos.li\/db_baggenstos\/?page_id=454","url_meta":{"origin":11,"position":1},"title":"Ferienwohnung","author":"admin","date":"August 31, 2019","format":false,"excerpt":"Willkommen in unserer Ferienwohnung in Trin Mulin Die Wohnung hat 3 1\/2 Zimmer mit TV und Internetanschluss. Standort Fotso von der Wohnung Einige Impressionen aus Trin Mulin und Umgebung Flims Crestasee Surselva im Herbst Bei Andiast San Gieri Uaul Grond Crestasee Crestasee KontaktAnnalis und Martin056 281 28 79 baggenstos@sunrise.ch","rel":"","context":"\u00c4hnlicher Beitrag","block_context":{"text":"\u00c4hnlicher Beitrag","link":""},"img":{"alt_text":"","src":"https:\/\/i0.wp.com\/baggenstos.li\/db_baggenstos\/wp-content\/uploads\/2020\/10\/IMG_8396-scaled.jpg?resize=350%2C200","width":350,"height":200,"srcset":"https:\/\/i0.wp.com\/baggenstos.li\/db_baggenstos\/wp-content\/uploads\/2020\/10\/IMG_8396-scaled.jpg?resize=350%2C200 1x, https:\/\/i0.wp.com\/baggenstos.li\/db_baggenstos\/wp-content\/uploads\/2020\/10\/IMG_8396-scaled.jpg?resize=525%2C300 1.5x, https:\/\/i0.wp.com\/baggenstos.li\/db_baggenstos\/wp-content\/uploads\/2020\/10\/IMG_8396-scaled.jpg?resize=700%2C400 2x, https:\/\/i0.wp.com\/baggenstos.li\/db_baggenstos\/wp-content\/uploads\/2020\/10\/IMG_8396-scaled.jpg?resize=1050%2C600 3x, https:\/\/i0.wp.com\/baggenstos.li\/db_baggenstos\/wp-content\/uploads\/2020\/10\/IMG_8396-scaled.jpg?resize=1400%2C800 4x"},"classes":[]},{"id":18,"url":"https:\/\/baggenstos.li\/db_baggenstos\/?page_id=18","url_meta":{"origin":11,"position":2},"title":"Mein Vater","author":"admin","date":"August 11, 2018","format":false,"excerpt":"Fotos vom meinem VaterEr war von 1907 bis 1930 in der Schweizergarde in Rom zuletzt als Gardehauptmann","rel":"","context":"\u00c4hnlicher Beitrag","block_context":{"text":"\u00c4hnlicher Beitrag","link":""},"img":{"alt_text":"","src":"https:\/\/i0.wp.com\/baggenstos.li\/db_baggenstos\/wp-content\/uploads\/2018\/08\/vater-9-3.jpg?fit=400%2C648&ssl=1&resize=350%2C200","width":350,"height":200},"classes":[]}],"_links":{"self":[{"href":"https:\/\/baggenstos.li\/db_baggenstos\/index.php?rest_route=\/wp\/v2\/pages\/11","targetHints":{"allow":["GET"]}}],"collection":[{"href":"https:\/\/baggenstos.li\/db_baggenstos\/index.php?rest_route=\/wp\/v2\/pages"}],"about":[{"href":"https:\/\/baggenstos.li\/db_baggenstos\/index.php?rest_route=\/wp\/v2\/types\/page"}],"author":[{"embeddable":true,"href":"https:\/\/baggenstos.li\/db_baggenstos\/index.php?rest_route=\/wp\/v2\/users\/1"}],"replies":[{"embeddable":true,"href":"https:\/\/baggenstos.li\/db_baggenstos\/index.php?rest_route=%2Fwp%2Fv2%2Fcomments&post=11"}],"version-history":[{"count":17,"href":"https:\/\/baggenstos.li\/db_baggenstos\/index.php?rest_route=\/wp\/v2\/pages\/11\/revisions"}],"predecessor-version":[{"id":388,"href":"https:\/\/baggenstos.li\/db_baggenstos\/index.php?rest_route=\/wp\/v2\/pages\/11\/revisions\/388"}],"wp:featuredmedia":[{"embeddable":true,"href":"https:\/\/baggenstos.li\/db_baggenstos\/index.php?rest_route=\/wp\/v2\/media\/168"}],"wp:attachment":[{"href":"https:\/\/baggenstos.li\/db_baggenstos\/index.php?rest_route=%2Fwp%2Fv2%2Fmedia&parent=11"}],"curies":[{"name":"wp","href":"https:\/\/api.w.org\/{rel}","templated":true}]}}

<p><strong>I. Kurzer Abriss der ältesten Geschichte von Gersau</strong><br />
Die erste urkundliche Erwähnung von Gersau dürfte im Stifterbuch des Klosters Muri zu finden sein. Gersouwe per totum &#8211; Gersau in seinem ganzen Gebietsumfang &#8211; erscheint dort als Besitz des neugestifteten Klosters Muri (1027) erst bei der Einweihung seiner Klosterkirche im Jahre 1064 eingetragen. Die Grundherrschaft und Vogtei über Gersau fiel bald an das Haus Habsburg und damit begann das wechselvolle Los der Verpfändung. Die entscheidende Tat der freien Grundbesitzer von Gersau bestand im Loskauf von der Vogtei am 3. Juni 1390. <img data-recalc-dims="1" loading="lazy" decoding="async" data-attachment-id="280" data-permalink="https://baggenstos.li/db_baggenstos/?attachment_id=280" data-orig-file="https://i0.wp.com/baggenstos.li/db_baggenstos/wp-content/uploads/2018/08/image002-4.jpg?fit=296%2C231&amp;ssl=1" data-orig-size="296,231" data-comments-opened="1" data-image-meta="{&quot;aperture&quot;:&quot;0&quot;,&quot;credit&quot;:&quot;&quot;,&quot;camera&quot;:&quot;&quot;,&quot;caption&quot;:&quot;&quot;,&quot;created_timestamp&quot;:&quot;0&quot;,&quot;copyright&quot;:&quot;&quot;,&quot;focal_length&quot;:&quot;0&quot;,&quot;iso&quot;:&quot;0&quot;,&quot;shutter_speed&quot;:&quot;0&quot;,&quot;title&quot;:&quot;&quot;,&quot;orientation&quot;:&quot;0&quot;}" data-image-title="image002" data-image-description="" data-image-caption="" data-large-file="https://i0.wp.com/baggenstos.li/db_baggenstos/wp-content/uploads/2018/08/image002-4.jpg?fit=296%2C231&amp;ssl=1" class="size-full wp-image-280 alignright" src="https://i0.wp.com/baggenstos.li/db_baggenstos/wp-content/uploads/2018/08/image002-4.jpg?resize=296%2C231" alt="" width="296" height="231">Damit hörte die fremde Grundherrschaft auf, und die Rechte der Vogtei, Steuern und Gerichtsbarkeit, fielen an die Hofleute von Gersau.&nbsp;<em> weiterlesen &gt;<a href="http://baggenstos.li/db_baggenstos/wp-content/uploads/2018/08/gersau-republik-bezirk.pdf">gersau-republik-bezirk</a></em></p>
<p><strong>Verfasser: Albert Müller-Schmid Zug/Gersau</strong></p>
<p>&nbsp;</p>
<p>&nbsp;</p>

<p>I. Kurzer Abriss der ältesten Geschichte von Gersau Die erste urkundliche Erwähnung von Gersau dürfte im Stifterbuch des Klosters Muri zu finden sein. Gersouwe per totum &#8211; Gersau in seinem ganzen Gebietsumfang &#8211; erscheint dort als Besitz des neugestifteten Klosters Muri (1027) erst bei der Einweihung seiner Klosterkirche im Jahre 1064 eingetragen. Die Grundherrschaft und &hellip; </p>
<p class="link-more"><a href="https://baggenstos.li/db_baggenstos/?page_id=11" class="more-link"><span class="screen-reader-text">„Geschichte von Gersau“</span> weiterlesen</a></p>

Über mich: Aufgewachsen bin ich - geboren 1945 - in der Fidmen, dem ältesten Gebäude in Gersau (Datiert von 1525) Aus beruflichen Gründen habe ich in den Aargau gewechselt (Würenlingen) und fühle mich an beiden Orten wohl. Auf den folgenden Seiten gibt es kurze Informationen zu: Der Geschichte von Gersau…

Ähnlicher Beitrag
